f b?
2, 5, 7
Let r(x) = x + 3. Let h be r(3). Let c be -2*(-21)/h - 0. Let g = c + -2. What are the prime factors of g?
5
Suppose 2*p = -2*p + 72. List the prime factors of p.
2, 3
Suppose -5*h - u = -125, -h = u - 5 - 20. List the prime factors of h.
5
Suppose -144 - 296 = -5*r. Suppose q - 2*g = 27, r = q + 3*q - 3*g. List the prime factors of q.
19
Let d(n) = -n**3 - 11*n**2 + 11*n + 9. Let k be (-6)/4 - (-126)/(-12). List the prime factors of d(k).
3, 7
What are the prime factors of (-2)/(-1) + -2*(-15 - 2)?
2, 3
Let m be (8/6)/2*3. Let k be (0 - m)*5/2. Let h = k - -15. List the prime factors of h.
2, 5
Suppose -2*h + 25 = 2*k + 3*h, 3*k - 3*h - 6 = 0. Suppose 0 = k*a - 16 - 4. What are the prime factors of (-21)/(-2) - 2/a?
2, 5
Let c = -3 - 0. Let w = c + -20. Let j = w - -32. List the prime factors of j.
3
Let z = -50 - -70. Let y be (16/z)/(6/15). List the prime factors of (0 - y)*1 - -6.
2
Let k(w) = 2*w - 8. Let r be k(6). Let v = r + -2. List the prime factors of v.
2
Suppose 3*m = 0, -u + 3*u + 4*m - 32 = 0. List the prime factors of u.
2
Suppose 484 = -40*a + 42*a. List the prime factors of a.
2, 11
Suppose -n - p + 231 = 4*p, 4*p = -8. What are the prime factors of n?
241
Let q = -214 + 364. What are the prime factors of q?
2, 3, 5
Suppose 273 = 3*l + 4*s, -l - 4*s = -0*s - 99. Let a = l + -62. List the prime factors of a.
5
Suppose 7*i + 3*n = 3*i + 20, i = 2*n - 6. Let x = i - -12. What are the prime factors of x?
2, 7
Suppose -19 = -b - 16. Suppose 3*u + b = 2*u, -5*d - 2*u = -79. List the prime factors of d.
17
Suppose 17 = 5*c - 8. Let k = -1 + c. Suppose 2*x = k*x - 20. List the prime factors of x.
2, 5
Let k(h) = h**3 - 6*h**2 + 5*h + 2. Let l be k(5). Suppose -l*d + 84 = -0*d. What are the prime factors of d?
2, 3, 7
List the prime factors of 2/(-9) + (-114)/(-27).
2
Let v(x) = 3*x**2 - 2*x - 1. Let b be v(-1). Suppose -b*y + 17 = 5. Suppose 2*c - 4*p - 27 + y = 0, -48 = -5*c + 4*p. What are the prime factors of c?
2
Let r = -64 + 112. Suppose 2*s - r = -2*s. What are the prime factors of (-40)/s*(-24)/10?
2
Let o = 2 - 2. Let v = 3 - o. Suppose y = -5*r + 5*y + 4, -v*r + 2*y = -4. What are the prime factors of r?
2
Suppose -2*x + 9 = -9. Suppose -4*k + 7 = -x. Suppose 4*o + k*w - 50 = 6, 25 = 5*w. What are the prime factors of o?
3
Let i(p) = 43*p**2 - p. Let j be i(1). Let k = 61 - j. What are the prime factors of k?
19
Suppose 4*z - 3 - 21 = 2*k, 0 = -z - 4. What are the prime factors of (-2)/(-2) - 1*k?
3, 7
Suppose p - 22 + 7 = 0. List the prime factors of p.
3, 5
Suppose -3 - 9 = 2*y. Let u = y + 10. Suppose -u = c - 16. What are the prime factors of c?
2, 3
Let f be (-7)/(14/4) - 42. Let l = f + 62. What are the prime factors of l?
2, 3
Let o = -16 - -16. Let r = o - -22. What are the prime factors of r?
2, 11
Let k = 68 + 80. What are the prime factors of k?
2, 37
Let p = -1 + 4. Suppose 0 = -0*z - p*z + 36. List the prime factors of z.
2, 3
Let o(b) = -b**3 - 18*b**2 + 38*b + 29. What are the prime factors of o(-20)?
3, 23
Let p = -14 - -17. What are the prime factors of 3 - (p*22)/(-2)?
2, 3
Let f(v) = -2*v + 10. List the prime factors of f(-5).
2, 5
Let p = -10 - -31. What are the prime factors of p?
3, 7
Let l(c) be the second derivative of -c**3/6 + 2*c**2 - 4*c. List the prime factors of l(-3).
7
Let a be (3 + (-2)/4)*2. Let y be (8/a)/(8/20). List the prime factors of (y + -5)*(-13 - -2).
11
List the prime factors of (0 - -1)/(8/392).
7
Let j = 145 + -23. What are the prime factors of j?
2, 61
Let u(i) = i - 60. Let c be u(0). Let d = c + 115. Suppose -d = -5*a + 2*n - 11, 4*a - 5*n = 42. List the prime factors of a.
2
Let d = 4 - 9. Suppose 0 = q - 5*k + 31, q + 4*q + 2*k = -47. Let x = d - q. List the prime factors of x.
2, 3
Suppose 0*p = p - 233. What are the prime factors of p?
233
Let m(k) = k**2 - 6*k - 2. Let y be m(5). Let t be 7/(14/(-24)) + 2. Let s = y - t. List the prime factors of s.
3
Suppose w - 39 = 3*a, -13 + 65 = 3*w + 4*a. Suppose c + 17 = -5*h, 0*c - 4*c = -3*h - w. What are the prime factors of c?
3
Let n(l) = -7*l - 3. Let y(d) = 6*d + 2. Let b(w) = -4*n(w) - 5*y(w). Let u be b(5). Let o = u + 19. List the prime factors of o.
11
Suppose 0*g + 2*g = 2*p + 10, -5*g + 25 = -3*p. List the prime factors of g.
5
Let y = -46 - -32. Let i = 23 + y. What are the prime factors of i?
3
Let j = 7 - 11. Let o be (j/5)/(4/20). Let v = 9 + o. What are the prime factors of v?
5
Let b = -10 - -5. Let i = 8 + b. What are the prime factors of i?
3
Suppose -3*i = 2 - 8. List the prime factors of (2 + 2)*(i - 1).
2
Let q(w) = -w**3 - 11*w**2 - 3*w - 4. What are the prime factors of q(-11)?
29
Suppose -8*p + 4 = -4*p, u = 4*p + 190. What are the prime factors of u?
2, 97
Suppose 4*g + 2*i + 4 = 0, 4 = -g + 2*i + 3. Let y be 4/20 - 14/(-5). What are the prime factors of 8 + (y - 6) - g?
2, 3
Let c = -4 + 6. Suppose 2*j - 5*u - 11 = 0, 0 = c*u - 3*u + 3. What are the prime factors of j?
13
Let h be (-46)/(-14) - 44/154. List the prime factors of (-632)/(-24) + 2/h.
3
Let o(d) = 0*d + 7 + 2*d - 3*d. Let p be o(4). Suppose 2*k + 4*f + 8 = 0, p*f + 13 + 2 = 3*k. What are the prime factors of k?
2
Suppose -3*d = d. Suppose 2*u - 95 = -3*v, u + d - 67 = 5*v. List the prime factors of u.
2, 13
Suppose -3*v + 532 = -h - 3*h, 5*v - 3*h - 905 = 0. What are the prime factors of (2/(-8))/((-2)/v)?
23
Suppose 3*w + 5*o - 94 = 10, 4*w + 2*o - 120 = 0. What are the prime factors of w?
2, 7
Let j(k) = -40*k**2. Let z be j(1). What are the prime factors of ((-16)/(-10))/((-8)/z)?
2
Suppose 0 = z + x - 53, 121 = 3*z + x - 28. What are the prime factors of z?
2, 3
Suppose -2*n + o + 47 = -n, 5*o + 47 = n. List the prime factors of n.
47
Suppose -4*l + 2*s - 8 = 0, -5*l + 5*s = -5 + 25. Suppose 2*n = 5*c + 1 - 12, l = -c + n + 1. List the prime factors of c.
3
Suppose 0 = 4*m + 2*m - 1116. List the prime factors of m.
2, 3, 31
What are the prime factors of 30/20 + (-1)/(-2)?
2
Let o(c) = c**2 + 17*c - 18. Let b(s) = -3*s**2 - 35*s + 37. Let a(k) = 2*b(k) + 5*o(k). What are the prime factors of a(11)?
2, 7
Suppose -126 = -3*x + z, 4*z - 32 = 4*x - 208. List the prime factors of x.
41
Let o = -7 + 43. List the prime factors of o.
2, 3
Let d be 9*(0 - 3/(-9)). List the prime factors of d + (3 - (-3 + -3)).
2, 3
Suppose 12*j - 17*j = -415. List the prime factors of j.
83
Let u = 80 - 39. List the prime factors of u.
41
Let s(n) = -n - 4. Let c be s(-7). Suppose 1 + 5 = -c*u, 4*q - 6 = -3*u. Suppose 4*k = -m - 2, 4*k - k - 3 = -q*m. What are the prime factors of m?
2
Let p = -4 + 4. Let d(v) = v**2 + v + 11. What are the prime factors of d(p)?
11
Suppose -4*a + 200 = w, -15 = -7*a + 10*a. List the prime factors of w.
2, 5, 11
Let g(d) = -11*d**3 + d**2 - d - 2. What are the prime factors of g(-1)?
11
Let f(k) = -k**2 + 8*k - 3. Let v be f(7). Let u = v - 12. What are the prime factors of (-58)/u - 4/16?
7
Let q be (2 - 0 - 3) + 3. Let i(l) = 3*l**2 + 1. List the prime factors of i(q).
13
Let b = 35 - 24. What are the prime factors of b?
11
Let j(o) = -o - 2*o - 3*o - 2*o - o**2 - 2. What are the prime factors of j(-6)?
2, 5
Suppose 2*o = -3*f + 239, -f = 4*f + 3*o - 400. List the prime factors of f.
83
Let l(s) be the first derivative of 25*s**4/4 - 2*s**3/3 + s**2/2 - 2. What are the prime factors of l(1)?
2, 3
Let g(s) = -s**3 + 8*s**2 - 6*s + 6. Let d be g(7). Let k(v) = -2*v**2 - v + 3. Let i be k(-2). Let l = i + d. What are the prime factors of l?
2, 5
Let w = 10 + -35. Let n = w + 34. List the prime factors of n.
3
Let f be (-2)/(-8) + 30/8. Suppose z = -f*v + 3*z + 20, 5*v + 2*z - 25 = 0. List the prime factors of v.
5
Let a be 2/9 - 50/(-18). Suppose 0 = -5*j + j + 4, -a*j + 10 = i. What are the prime factors of i?
7
Let m(w) = -w**2 + 2*w - 1. Let q be 4/(-14) + (-27)/(-21). Let j be m(q). Let z(f) = f**3 + f**2 - f + 11. List the prime factors of z(j).
11
Let u(l) = -29*l - 4. What are the prime factors of u(-7)?
199
Let a = 1 - -12. Let o = a + 6. List the prime factors of o.
19
Let t(i) = -i**3 + i**2 + 6*i - 1. Let u be t(5). Let a = u - -99. What are the prime factors of a?
2, 7
Let x(h) = 8*h - 26. What are the prime factors of x(22)?
2, 3, 5
Let q be 3/3 + (0 - -14). Suppose -4*i = 4*y - 2*i - 46, q = y - 3*i